{"id":1553,"date":"2020-04-21T07:40:19","date_gmt":"2020-04-21T07:40:19","guid":{"rendered":"https:\/\/aquabluepiscine.ro\/store\/?post_type=product&#038;p=1553"},"modified":"2023-05-08T07:34:30","modified_gmt":"2023-05-08T07:34:30","slug":"tester-electronic-pentru-calitatea-apei-scuba-ii","status":"publish","type":"product","link":"https:\/\/aquabluepiscine.ro\/store\/magazin\/tratarea-apei\/testere-analiza-apa\/tester-electronic-pentru-calitatea-apei-scuba-ii\/","title":{"rendered":"Tester electronic pentru calitatea apei Scuba II"},"content":{"rendered":"<h1><span id=\"ctl00_ContentPlaceHolderBody_ProductDetailsPageContent1_LabelName\">Tester electronic pentru calitatea apei Scuba II<\/span><\/h1>\n<p>&nbsp;<\/p>\n<p>Calitatea apei de m\u0103surare este un aspect esen\u021bial al \u00eentre\u021binerii piscinelor. Este singura modalitate de a v\u0103 asigura c\u0103 calitatea apei r\u0103m\u00e2ne optim\u0103 \u0219i c\u0103 se utilizeaz\u0103 dozajul corect al produselor de \u00eentre\u021binere.<br \/>\nCu Scuba II\u00a0ave\u021bi la dispozi\u021bie un tester digital excelent!<\/p>\n<p><strong>Avantaje:<\/strong><br \/>\nMasurari foarte rapide si fiabile Afi\u0219aj mare (3 cm x 2.2 cm) =&gt; u\u0219or de citit<br \/>\nRezistent la ap\u0103 \u0219i capabil s\u0103 pluteasc\u0103. Dac\u0103 testerul cade \u00een ap\u0103, acesta nu este rupt imediat Operare prietenoas\u0103<br \/>\nDesign modern \u0219i ergonomic.<br \/>\nScuba II este un tester digital de calitate excelent\u0103 a apei, pute\u021bi verifica 5 parametri de ap\u0103, \u0219i anume clor liber, clor total, valoare pH, nivel de acid cianuric \u0219i alcalinitate. Scuba 2 are mai multe func\u021bii \u00eembun\u0103t\u0103\u021bite \u0219i un design inovator, care permite m\u0103surarea u\u0219oar\u0103 a calit\u0103\u021bii apei.<br \/>\nPentru acest Scuba II, va trebui s\u0103 efectua\u021bi o calibrare zero pentru prima utilizare. C\u00e2nd activa\u021bi testerul digital Scuba 2 pentru prima dat\u0103, acesta va solicita aceast\u0103 m\u0103surare ini\u021bial\u0103 de calibrare zero. Trebuie doar s\u0103 face\u021bi acest lucru o singur\u0103 dat\u0103, at\u00e2t timp c\u00e2t testerul r\u0103m\u00e2ne aprins, cu excep\u021bia cazului \u00een care dori\u021bi s\u0103 testa\u021bi calitatea altor ape.<\/p>\n<p>Specificatii tehnice<br \/>\nCon\u021bine scuba II;<br \/>\ntablete pentru testare;<br \/>\n2 baterii AAA; agitator; I<br \/>\nnstruc\u021biuni<br \/>\nDimensiuni (LxWxH) 14,5 x 7 x 4,5 cm<br \/>\nGreutate 165g (cu baterii incluse)<br \/>\nClorul Da (Clor liber \u0219i total)<br \/>\npH Da<br \/>\nAlcalinitate Da<br \/>\nAcid cyanuric Da<\/p>\n<p>Pretul afisat este pe 1 buc<br \/>\nPreturile contin TVA.<br \/>\nPoza este cu caracter orientativ.<br \/>\nIn pretul produselor nu este inclus transportul, instalarea sau manipularea ulterioara<\/p>\n","protected":false},"excerpt":{"rendered":"<p>Tester electronic pentru calitatea apei Scuba II &nbsp; Calitatea apei de m\u0103surare este un aspect esen\u021bial al \u00eentre\u021binerii piscinelor. Este singura modalitate de a v\u0103 asigura c\u0103 calitatea apei r\u0103m\u00e2ne optim\u0103 \u0219i c\u0103 se utilizeaz\u0103 dozajul corect al produselor de \u00eentre\u021binere. Cu Scuba II\u00a0ave\u021bi la dispozi\u021bie un tester digital excelent! Avantaje: Masurari foarte rapide si &hellip;<br \/><a href=\"https:\/\/aquabluepiscine.ro\/store\/magazin\/tratarea-apei\/testere-analiza-apa\/tester-electronic-pentru-calitatea-apei-scuba-ii\/\" class=\"more-link pen_button pen_element_default pen_icon_arrow_double\">Continu\u0103 lectura <span class=\"screen-reader-text\">Tester electronic pentru calitatea apei Scuba II<\/span><\/a><\/p>\n","protected":false},"featured_media":1554,"comment_status":"open","ping_status":"closed","template":"","meta":[],"product_cat":[48,45],"product_tag":[678,687,681],"_links":{"self":[{"href":"https:\/\/aquabluepiscine.ro\/store\/wp-json\/wp\/v2\/product\/1553"}],"collection":[{"href":"https:\/\/aquabluepiscine.ro\/store\/wp-json\/wp\/v2\/product"}],"about":[{"href":"https:\/\/aquabluepiscine.ro\/store\/wp-json\/wp\/v2\/types\/product"}],"replies":[{"embeddable":true,"href":"https:\/\/aquabluepiscine.ro\/store\/wp-json\/wp\/v2\/comments?post=1553"}],"wp:featuredmedia":[{"embeddable":true,"href":"https:\/\/aquabluepiscine.ro\/store\/wp-json\/wp\/v2\/media\/1554"}],"wp:attachment":[{"href":"https:\/\/aquabluepiscine.ro\/store\/wp-json\/wp\/v2\/media?parent=1553"}],"wp:term":[{"taxonomy":"product_cat","embeddable":true,"href":"https:\/\/aquabluepiscine.ro\/store\/wp-json\/wp\/v2\/product_cat?post=1553"},{"taxonomy":"product_tag","embeddable":true,"href":"https:\/\/aquabluepiscine.ro\/store\/wp-json\/wp\/v2\/product_tag?post=1553"}],"curies":[{"name":"wp","href":"https:\/\/api.w.org\/{rel}","templated":true}]}}