{"id":1596,"date":"2021-02-03T10:49:42","date_gmt":"2021-02-03T10:49:42","guid":{"rendered":"https:\/\/aquabluepiscine.ro\/store\/?post_type=product&#038;p=1596"},"modified":"2025-09-15T08:36:49","modified_gmt":"2025-09-15T08:36:49","slug":"sistem-de-filtrare-cu-nisip-pentru-piscine-de-pana-la-18-m%c2%b3-volum-de-apa-fara-pre-filtru","status":"publish","type":"product","link":"https:\/\/aquabluepiscine.ro\/store\/magazin\/piscine\/kit-filtrare-piscine\/sistem-de-filtrare-cu-nisip-pentru-piscine-de-pana-la-18-m%c2%b3-volum-de-apa-fara-pre-filtru\/","title":{"rendered":"Sistem de filtrare cu nisip pentru piscine de p\u00e2n\u0103 la 18 m\u00b3 volum de ap\u0103 &#8211; F\u0102R\u0102 PRE-FILTRU"},"content":{"rendered":"<p>Sistem de filtrare cu nisip\u00a0 pentru piscine de p\u00e2n\u0103 la 18 m\u00b3 volum de ap\u0103 &#8211; F\u0102R\u0102 PRE-FILTR\u0102<\/p>\n<p>*** Potrivit pentru piscine cu un volum de ap\u0103 de p\u00e2n\u0103 la 18 mc.\u00a0***<\/p>\n<p>Cu supap\u0103 de sus pe 4 c\u0103i \u0219i pomp\u0103\u00a0<u>f\u0103r\u0103<\/u>\u00a0pre-filtru 3,6 m\u00b3 \/ h, 230V.\u00a0Sistem neasamblat.<\/p>\n<div class=\"desc\">\n<p>*** Potrivit pentru piscine cu un volum de ap\u0103 de p\u00e2n\u0103 la 18 cb.\u00a0***<\/p>\n<p>Inclusiv robinetul de pompare \u00een sus cu 4 c\u0103i \u0219i pompa\u00a0<u>f\u0103r\u0103<\/u>\u00a0pre-filtru 3,6 m\u00b3 \/ h, 230V.\u00a0Sistem neasamblat.<\/p>\n<p><u>Specificatii tehnice:<\/u><\/p>\n<ul>\n<li>Diametrul cupei: 250 mm<\/li>\n<li>cantitate maxim\u0103 de umplere cu nisip: 25 kg<\/li>\n<li>Supap\u0103 cu mai multe c\u0103i: 4 c\u0103i<\/li>\n<li>Versiunea supapei: montura de sus<\/li>\n<li>Performan\u021b\u0103 la coloana de ap\u0103 de 8 m: 3,6 cbm<\/li>\n<li>Material de filtrare necesar: 25 kg (gr\u00e2u de nisip de cuar\u021b 0,4 &#8211; 0,8 mm, nu este inclus)<\/li>\n<\/ul>\n<p>Acest sistem este testat T\u00dcV \u0219i GS.<\/p>\n<\/div>\n<div class=\"product-attributes\">\n<div class=\"table-responsive\">\n<table class=\"table table-striped table-bordered\">\n<tbody>\n<tr class=\"attr-characteristic\">\n<td class=\"attr-label word-break\">Pentru bazinele de p\u00e2n\u0103 la (cbm):<\/td>\n<td class=\"attr-value\"><span class=\"value\"><a class=\"label label-primary\" href=\"https:\/\/www.poolshop24.com\/18\">18<\/a><\/span><\/td>\n<\/tr>\n<tr class=\"attr-characteristic\">\n<td class=\"attr-label word-break\">Diametrul cupei (mm):<\/td>\n<td class=\"attr-value\"><span class=\"value\"><a class=\"label label-primary\" href=\"https:\/\/www.poolshop24.com\/250_1\">250<\/a><\/span><\/td>\n<\/tr>\n<tr class=\"attr-characteristic\">\n<td class=\"attr-label word-break\">Performan\u021ba la 8 m coloan\u0103 de ap\u0103 (cbm):<\/td>\n<td class=\"attr-value\"><span class=\"value\"><a class=\"label label-primary\" href=\"https:\/\/www.poolshop24.com\/36\">3.6<\/a><\/span><\/td>\n<\/tr>\n<tr class=\"attr-characteristic\">\n<td class=\"attr-label word-break\">Supap\u0103 cu mai multe sensuri:<\/td>\n<td class=\"attr-value\"><span class=\"value\"><a class=\"label label-primary\" href=\"https:\/\/www.poolshop24.com\/4-Wege\">4 c\u0103i<\/a><\/span><\/td>\n<\/tr>\n<tr class=\"attr-characteristic\">\n<td class=\"attr-label word-break\">Cantitate de umplutur\u0103 de nisip (kg):<\/td>\n<td class=\"attr-value\"><span class=\"value\"><a class=\"label label-primary\" href=\"https:\/\/www.poolshop24.com\/25\">25<\/a><\/span><\/td>\n<\/tr>\n<tr class=\"attr-characteristic\">\n<td class=\"attr-label word-break\">Versiunea supapei:<\/td>\n<td class=\"attr-value\"><span class=\"value\"><a class=\"label label-primary\" href=\"https:\/\/www.poolshop24.com\/Top-Mount\">Montura de sus<\/a><\/span><\/td>\n<\/tr>\n<tr class=\"attr-weight\">\n<td class=\"attr-label word-break\">Transport Greutate:<\/td>\n<td class=\"attr-value weight-unit\">20,00 kg<\/td>\n<\/tr>\n<tr class=\"attr-weight\">\n<td class=\"attr-label word-break\">Greutatea articolului:<\/td>\n<td class=\"attr-value weight-unit weight-unit-article\">20,00\u00a0kg<\/td>\n<\/tr>\n<\/tbody>\n<\/table>\n<\/div>\n<\/div>\n","protected":false},"excerpt":{"rendered":"<p>Sistem de filtrare cu nisip\u00a0 pentru piscine de p\u00e2n\u0103 la 18 m\u00b3 volum de ap\u0103 &#8211; F\u0102R\u0102 PRE-FILTR\u0102 *** Potrivit pentru piscine cu un volum de ap\u0103 de p\u00e2n\u0103 la 18 mc.\u00a0*** Cu supap\u0103 de sus pe 4 c\u0103i \u0219i pomp\u0103\u00a0f\u0103r\u0103\u00a0pre-filtru 3,6 m\u00b3 \/ h, 230V.\u00a0Sistem neasamblat. *** Potrivit pentru piscine cu un volum de &hellip;<br \/><a href=\"https:\/\/aquabluepiscine.ro\/store\/magazin\/piscine\/kit-filtrare-piscine\/sistem-de-filtrare-cu-nisip-pentru-piscine-de-pana-la-18-m%c2%b3-volum-de-apa-fara-pre-filtru\/\" class=\"more-link pen_button pen_element_default pen_icon_arrow_double\">Continu\u0103 lectura <span class=\"screen-reader-text\">Sistem de filtrare cu nisip pentru piscine de p\u00e2n\u0103 la 18 m\u00b3 volum de ap\u0103 &#8211; F\u0102R\u0102 PRE-FILTRU<\/span><\/a><\/p>\n","protected":false},"featured_media":1597,"comment_status":"open","ping_status":"closed","template":"","meta":[],"product_cat":[15,688],"product_tag":[209,416,103,197],"_links":{"self":[{"href":"https:\/\/aquabluepiscine.ro\/store\/wp-json\/wp\/v2\/product\/1596"}],"collection":[{"href":"https:\/\/aquabluepiscine.ro\/store\/wp-json\/wp\/v2\/product"}],"about":[{"href":"https:\/\/aquabluepiscine.ro\/store\/wp-json\/wp\/v2\/types\/product"}],"replies":[{"embeddable":true,"href":"https:\/\/aquabluepiscine.ro\/store\/wp-json\/wp\/v2\/comments?post=1596"}],"wp:featuredmedia":[{"embeddable":true,"href":"https:\/\/aquabluepiscine.ro\/store\/wp-json\/wp\/v2\/media\/1597"}],"wp:attachment":[{"href":"https:\/\/aquabluepiscine.ro\/store\/wp-json\/wp\/v2\/media?parent=1596"}],"wp:term":[{"taxonomy":"product_cat","embeddable":true,"href":"https:\/\/aquabluepiscine.ro\/store\/wp-json\/wp\/v2\/product_cat?post=1596"},{"taxonomy":"product_tag","embeddable":true,"href":"https:\/\/aquabluepiscine.ro\/store\/wp-json\/wp\/v2\/product_tag?post=1596"}],"curies":[{"name":"wp","href":"https:\/\/api.w.org\/{rel}","templated":true}]}}