{"id":1777,"date":"2021-02-09T14:24:11","date_gmt":"2021-02-09T14:24:11","guid":{"rendered":"https:\/\/aquabluepiscine.ro\/store\/?post_type=product&#038;p=1777"},"modified":"2024-01-09T12:45:13","modified_gmt":"2024-01-09T12:45:13","slug":"talpa-perie-aspirat-piscina-vac-de-luxe","status":"publish","type":"product","link":"https:\/\/aquabluepiscine.ro\/store\/magazin\/accesorii-piscine\/accesorii-curatare-piscina\/talpa-perie-aspirat-piscina-vac-de-luxe\/","title":{"rendered":"Talpa perie aspirat piscina VAC DE LUXE"},"content":{"rendered":"<p>Talpa perie aspirat piscina VAC DE LUXE<\/p>\n<p>Cap aspirator manual de calitate cu care pute\u021bi \u00eendep\u0103rta murd\u0103ria de pe fundul \u0219i pere\u021bii piscinei.<br \/>\nEste conceput at\u00e2t pentru bazinele supraterane c\u00e2t \u0219i pentru bazinele ingropate, spre deosebire de alte produse, acesta include perii laterali, care garanteaz\u0103 cur\u0103\u021barea chiar \u0219i \u00een cele mai inaccesibile locuri din piscina dvs.<\/p>\n","protected":false},"excerpt":{"rendered":"<p>Talpa perie aspirat piscina VAC DE LUXE Cap aspirator manual de calitate cu care pute\u021bi \u00eendep\u0103rta murd\u0103ria de pe fundul \u0219i pere\u021bii piscinei. Este conceput at\u00e2t pentru bazinele supraterane c\u00e2t \u0219i pentru bazinele ingropate, spre deosebire de alte produse, acesta include perii laterali, care garanteaz\u0103 cur\u0103\u021barea chiar \u0219i \u00een cele mai inaccesibile locuri din piscina &hellip;<br \/><a href=\"https:\/\/aquabluepiscine.ro\/store\/magazin\/accesorii-piscine\/accesorii-curatare-piscina\/talpa-perie-aspirat-piscina-vac-de-luxe\/\" class=\"more-link pen_button pen_element_default pen_icon_arrow_double\">Continu\u0103 lectura <span class=\"screen-reader-text\">Talpa perie aspirat piscina VAC DE LUXE<\/span><\/a><\/p>\n","protected":false},"featured_media":1778,"comment_status":"open","ping_status":"closed","template":"","meta":[],"product_cat":[42,40],"product_tag":[734,665,228],"_links":{"self":[{"href":"https:\/\/aquabluepiscine.ro\/store\/wp-json\/wp\/v2\/product\/1777"}],"collection":[{"href":"https:\/\/aquabluepiscine.ro\/store\/wp-json\/wp\/v2\/product"}],"about":[{"href":"https:\/\/aquabluepiscine.ro\/store\/wp-json\/wp\/v2\/types\/product"}],"replies":[{"embeddable":true,"href":"https:\/\/aquabluepiscine.ro\/store\/wp-json\/wp\/v2\/comments?post=1777"}],"wp:featuredmedia":[{"embeddable":true,"href":"https:\/\/aquabluepiscine.ro\/store\/wp-json\/wp\/v2\/media\/1778"}],"wp:attachment":[{"href":"https:\/\/aquabluepiscine.ro\/store\/wp-json\/wp\/v2\/media?parent=1777"}],"wp:term":[{"taxonomy":"product_cat","embeddable":true,"href":"https:\/\/aquabluepiscine.ro\/store\/wp-json\/wp\/v2\/product_cat?post=1777"},{"taxonomy":"product_tag","embeddable":true,"href":"https:\/\/aquabluepiscine.ro\/store\/wp-json\/wp\/v2\/product_tag?post=1777"}],"curies":[{"name":"wp","href":"https:\/\/api.w.org\/{rel}","templated":true}]}}