{"id":2054,"date":"2021-02-11T08:05:29","date_gmt":"2021-02-11T08:05:29","guid":{"rendered":"https:\/\/aquabluepiscine.ro\/store\/?post_type=product&#038;p=2054"},"modified":"2025-04-05T11:40:53","modified_gmt":"2025-04-05T11:40:53","slug":"sare-de-mare-pentru-sisteme-de-electroliza","status":"publish","type":"product","link":"https:\/\/aquabluepiscine.ro\/store\/magazin\/tratarea-apei\/substante-intretinere-apa\/sare-de-mare-pentru-sisteme-de-electroliza\/","title":{"rendered":"Sare de mare pentru sisteme de electroliza"},"content":{"rendered":"<p>Sare de mare pentru sisteme de electroliza<\/p>\n<p>Procent mare de sare de mare, f\u0103r\u0103 aditivi \u0219i impurit\u0103\u021bi.\u00a0Cu ajutorul unui dispozitiv special pentru piscin\u0103, a\u0219a-numitul salinator, clorul natural este produs din aceast\u0103 sare prin electroliz\u0103, care dezinfecteaz\u0103 eficient apa din piscin\u0103.<\/p>\n<p>Avantajele utiliz\u0103rii s\u0103rii de mare \u00een piscin\u0103:<\/p>\n<ul>\n<li>Elimin\u0103 bacteriile, virusurile \u0219i algele<\/li>\n<li>Apa tratat\u0103 \u00een acest fel este limpede \u0219i este MOALE pe pielea \u0219i ochii umani<\/li>\n<li>Apa u\u0219or s\u0103rat\u0103 evoca senza\u021bia de \u00eenot \u00een mare<\/li>\n<\/ul>\n<p><strong>Sarea noastr\u0103 de mare are o calitate excep\u021bional\u0103 este extras\u0103 din ocean \u00een largul coastei Australiei.\u00a0Exist\u0103, de asemenea, uscarea \u0219i prelucrarea ini\u021bial\u0103 \u00eenainte de importul \u00een Europa.<\/strong><\/p>\n<p>Sarea de mare con\u021bine un procent mai mare de minerale marine, cum ar fi: sodiu, magneziu, calciu \u0219i iod.\u00a0Datorit\u0103 acestor minerale, sarea de mare are un procent mai mare de efecte de vindecare asupra organismului uman, \u00een compara\u021bie cu s\u0103rurile standard din piscin\u0103 \u201erock\u201d.<\/p>\n<ul>\n<li>Boal\u0103 de piele.<\/li>\n<li>Nu provoac\u0103 reac\u021bii alergice.<\/li>\n<li>Are efecte antiseptice.<\/li>\n<\/ul>\n<p><strong>Cum se utilizeaz\u0103<\/strong>\u00a0:<\/p>\n<p>Sarea de mare este aplicat\u0103 \u00een acela\u0219i mod ca \u0219i alte s\u0103ruri pentru piscin\u0103 \u0219i este potrivit\u0103 pentru toate tipurile de bazine, cu condi\u021bia s\u0103 fie utilizat un electrolizor.<\/p>\n<p>\u00cenainte de a o folosi \u00een bazin, dizolva\u021bi mai \u00eent\u00e2i sarea \u00eentr-un recipient separat cu ap\u0103.\u00a0Apoi turna\u021bi solu\u021bia salin\u0103 pe suprafa\u021ba piscinei \u0219i bucura\u021bi-v\u0103 calm de \u00eenot cu un gust real al m\u0103rii.<\/p>\n<p>Concentra\u021bia optim\u0103 de sare \u00een bazin este cuprins\u0103 \u00eentre 2,5 kg &#8211; 4,5 kg la 1 m\u00a03 de\u00a0ap\u0103.\u00a0Mai exact, raportul este determinat \u00een primul r\u00e2nd de tipul de salinizator pe care \u00eel utiliza\u021bi pentru a dezinfecta apa din piscin\u0103.\u00a0\u00cen acest caz, urma\u021bi \u00eentotdeauna instruc\u021biunile pentru salinatorul dvs.<\/p>\n<p>La \u00eenceputul sezonului piscinei, se recomand\u0103 utilizarea a 25 kg de sare de mare pe 5 &#8211; 8 m\u00a03apa de bazin.\u00a0Imediat ce nivelul de sare scade sub concentra\u021bia optim\u0103, produc\u021bia de salinator scade.\u00a0\u00cen acest caz, este indicat s\u0103 ad\u0103uga\u021bi sare.<\/p>\n<p>Fabricat \u00een Australia\u00a0<img decoding=\"async\" src=\"https:\/\/www.mountfield.cz\/getmedia\/f1407c01-04cd-4666-aa57-ad3ed752b651\/australie.aspx?width=30&amp;height=20\" alt=\"Rusia\" \/><\/p>\n","protected":false},"excerpt":{"rendered":"<p>Sare de mare pentru sisteme de electroliza Procent mare de sare de mare, f\u0103r\u0103 aditivi \u0219i impurit\u0103\u021bi.\u00a0Cu ajutorul unui dispozitiv special pentru piscin\u0103, a\u0219a-numitul salinator, clorul natural este produs din aceast\u0103 sare prin electroliz\u0103, care dezinfecteaz\u0103 eficient apa din piscin\u0103. Avantajele utiliz\u0103rii s\u0103rii de mare \u00een piscin\u0103: Elimin\u0103 bacteriile, virusurile \u0219i algele Apa tratat\u0103 \u00een &hellip;<br \/><a href=\"https:\/\/aquabluepiscine.ro\/store\/magazin\/tratarea-apei\/substante-intretinere-apa\/sare-de-mare-pentru-sisteme-de-electroliza\/\" class=\"more-link pen_button pen_element_default pen_icon_arrow_double\">Continu\u0103 lectura <span class=\"screen-reader-text\">Sare de mare pentru sisteme de electroliza<\/span><\/a><\/p>\n","protected":false},"featured_media":2055,"comment_status":"open","ping_status":"closed","template":"","meta":[],"product_cat":[46,45],"product_tag":[189,785,381,772,781],"_links":{"self":[{"href":"https:\/\/aquabluepiscine.ro\/store\/wp-json\/wp\/v2\/product\/2054"}],"collection":[{"href":"https:\/\/aquabluepiscine.ro\/store\/wp-json\/wp\/v2\/product"}],"about":[{"href":"https:\/\/aquabluepiscine.ro\/store\/wp-json\/wp\/v2\/types\/product"}],"replies":[{"embeddable":true,"href":"https:\/\/aquabluepiscine.ro\/store\/wp-json\/wp\/v2\/comments?post=2054"}],"wp:featuredmedia":[{"embeddable":true,"href":"https:\/\/aquabluepiscine.ro\/store\/wp-json\/wp\/v2\/media\/2055"}],"wp:attachment":[{"href":"https:\/\/aquabluepiscine.ro\/store\/wp-json\/wp\/v2\/media?parent=2054"}],"wp:term":[{"taxonomy":"product_cat","embeddable":true,"href":"https:\/\/aquabluepiscine.ro\/store\/wp-json\/wp\/v2\/product_cat?post=2054"},{"taxonomy":"product_tag","embeddable":true,"href":"https:\/\/aquabluepiscine.ro\/store\/wp-json\/wp\/v2\/product_tag?post=2054"}],"curies":[{"name":"wp","href":"https:\/\/api.w.org\/{rel}","templated":true}]}}