{"id":2092,"date":"2021-02-11T09:38:30","date_gmt":"2021-02-11T09:38:30","guid":{"rendered":"https:\/\/aquabluepiscine.ro\/store\/?post_type=product&#038;p=2092"},"modified":"2024-04-22T05:17:12","modified_gmt":"2024-04-22T05:17:12","slug":"antialge-cristal-lichid-ctx60-25l","status":"publish","type":"product","link":"https:\/\/aquabluepiscine.ro\/store\/magazin\/tratarea-apei\/substante-intretinere-apa\/antialge-cristal-lichid-ctx60-25l\/","title":{"rendered":"Antialge cristal lichid CTX60 25L"},"content":{"rendered":"<p><strong>Antialge cristal lichid CTX60 25L<\/strong><\/p>\n<p>Aceasta este o algaecid\u0103 cu ac\u021biune rapid\u0103 care, pe l\u00e2ng\u0103 bactericidele sale ridicate, propriet\u0103\u021bile de algaecide \u0219i fungicide clarific\u0103 \u0219i apa.<br \/>\nIdeal pentru: Toate tipurile de piscine.<br \/>\nClarificator cu propriet\u0103\u021bi ridicate de bactericide, algaecide \u0219i fungicide.<br \/>\nUtilizare recomandat\u0103: C\u00e2nd apa prezint\u0103 semne de tulburare, dizolva\u021bi 2 l de algaecid\u0103 \u00eentr-un recipient cu ap\u0103 la 100 m3 de ap\u0103, apoi ad\u0103uga\u021bi 0,5 l din produs la piscin\u0103 o dat\u0103 pe s\u0103pt\u0103m\u00e2n\u0103 la 100 m3 de ap\u0103.<\/p>\n<p>Pretul afisat este pe bucata.<br \/>\nPretul include TVA.<br \/>\nPoza este cu caracter orientativ.<br \/>\nIn pretul produselor nu este inclus transportul, instalarea sau manipularea ulterioara.<\/p>\n","protected":false},"excerpt":{"rendered":"<p>Antialge cristal lichid CTX60 25L Aceasta este o algaecid\u0103 cu ac\u021biune rapid\u0103 care, pe l\u00e2ng\u0103 bactericidele sale ridicate, propriet\u0103\u021bile de algaecide \u0219i fungicide clarific\u0103 \u0219i apa. Ideal pentru: Toate tipurile de piscine. Clarificator cu propriet\u0103\u021bi ridicate de bactericide, algaecide \u0219i fungicide. Utilizare recomandat\u0103: C\u00e2nd apa prezint\u0103 semne de tulburare, dizolva\u021bi 2 l de algaecid\u0103 \u00eentr-un &hellip;<br \/><a href=\"https:\/\/aquabluepiscine.ro\/store\/magazin\/tratarea-apei\/substante-intretinere-apa\/antialge-cristal-lichid-ctx60-25l\/\" class=\"more-link pen_button pen_element_default pen_icon_arrow_double\">Continu\u0103 lectura <span class=\"screen-reader-text\">Antialge cristal lichid CTX60 25L<\/span><\/a><\/p>\n","protected":false},"featured_media":2093,"comment_status":"open","ping_status":"closed","template":"","meta":[],"product_cat":[46,45],"product_tag":[794,787,214,785,103],"_links":{"self":[{"href":"https:\/\/aquabluepiscine.ro\/store\/wp-json\/wp\/v2\/product\/2092"}],"collection":[{"href":"https:\/\/aquabluepiscine.ro\/store\/wp-json\/wp\/v2\/product"}],"about":[{"href":"https:\/\/aquabluepiscine.ro\/store\/wp-json\/wp\/v2\/types\/product"}],"replies":[{"embeddable":true,"href":"https:\/\/aquabluepiscine.ro\/store\/wp-json\/wp\/v2\/comments?post=2092"}],"wp:featuredmedia":[{"embeddable":true,"href":"https:\/\/aquabluepiscine.ro\/store\/wp-json\/wp\/v2\/media\/2093"}],"wp:attachment":[{"href":"https:\/\/aquabluepiscine.ro\/store\/wp-json\/wp\/v2\/media?parent=2092"}],"wp:term":[{"taxonomy":"product_cat","embeddable":true,"href":"https:\/\/aquabluepiscine.ro\/store\/wp-json\/wp\/v2\/product_cat?post=2092"},{"taxonomy":"product_tag","embeddable":true,"href":"https:\/\/aquabluepiscine.ro\/store\/wp-json\/wp\/v2\/product_tag?post=2092"}],"curies":[{"name":"wp","href":"https:\/\/api.w.org\/{rel}","templated":true}]}}