{"id":2505,"date":"2021-05-25T09:35:57","date_gmt":"2021-05-25T09:35:57","guid":{"rendered":"https:\/\/aquabluepiscine.ro\/store\/?post_type=product&#038;p=2505"},"modified":"2025-08-14T07:31:24","modified_gmt":"2025-08-14T07:31:24","slug":"proiectoar-lumiplus-mini-v3-cromat","status":"publish","type":"product","link":"https:\/\/aquabluepiscine.ro\/store\/magazin\/piscine\/produse-iluminare\/proiectoar-lumiplus-mini-v3-cromat\/","title":{"rendered":"Proiectoar LumiPLus Mini V3 cromat"},"content":{"rendered":"<p>Proiectoar LumiPLus Mini V3 cromat<\/p>\n<p>LumiPlus Mini V3 AstralPool LED\u00a0proiector\u00a0. &#8211; Cod 59972<\/p>\n<p>Caracteristici tehnice<br \/>\nTensiune nominal\u0103: 12V AC<br \/>\nProtec\u021bie: IPX8<br \/>\nInclude cablu de 2,5 metri (H07RN-F 2&#215;1 mm\u00b2).<br \/>\nPoate fi instalat at\u00e2t \u00een, c\u00e2t \u0219i \u00een afara apei.<br \/>\nModelul RGB este compatibil cu comenzile LumiPlus Eco, LumiPlus Top, LumiPlus LED APP \u0219i comenzile LumiPlus Modbus (compatibile cu Fluidra Connect).<br \/>\nGama de proiectoare care trebuie integrate \u00een piscin\u0103 cu o u\u0219urin\u021b\u0103 mare de asamblare datorit\u0103\u00a0\u00a0posibilit\u0103\u021bilor multiple de instalare\u00a0\u00a0disponibile.<br \/>\nFaciliteaz\u0103 instalarea \u00een mai multe formate de pool:<br \/>\nModel pentru bazine din beton.\u00a0Conexiuni filetate de 1\u00bd &#8220;.<br \/>\nModel pentru piscine \/ c\u0103ptu\u0219eal\u0103 prefabricate.\u00a0Conexiuni filetate de 1\u00bd &#8220;.<br \/>\nModel pentru spa-uri.\u00a02 &#8220;conexiuni.<br \/>\nPentru anumite instala\u021bii, instalarea LumiPlus Mini V3 trebuie completat\u0103 cu ni\u0219ele sau adaptoarele necesare, care trebuie achizi\u021bionate separat (vezi accesorii \u0219i accesorii).<br \/>\nIntegrare mai bun\u0103 \u00een piscin\u0103 \u0219i u\u0219urin\u021b\u0103 \u00een instalare.<br \/>\nPotrivit pentru instalare \u00een buc\u0219e, duze, ni\u0219e \u0219i spa-uri.<br \/>\nEste oferit cu un finisaj cu efect alb \u0219i inox.<br \/>\nFabricat cu tehnologie IMD (\u00een decorarea matri\u021bei).<br \/>\nCompatibil cu toate controlerele LumiPlus.<\/p>\n<p>Caracteristici:<\/p>\n<p>Consum de energie Alb \/ RGB: 4W (6 VA) \/ 4W (7 VA)<br \/>\nDurat\u0103 de via\u021b\u0103 L70 &#8211; 50.000h<\/p>\n","protected":false},"excerpt":{"rendered":"<p>Proiectoar LumiPLus Mini V3 cromat LumiPlus Mini V3 AstralPool LED\u00a0proiector\u00a0. &#8211; Cod 59972 Caracteristici tehnice Tensiune nominal\u0103: 12V AC Protec\u021bie: IPX8 Include cablu de 2,5 metri (H07RN-F 2&#215;1 mm\u00b2). Poate fi instalat at\u00e2t \u00een, c\u00e2t \u0219i \u00een afara apei. Modelul RGB este compatibil cu comenzile LumiPlus Eco, LumiPlus Top, LumiPlus LED APP \u0219i comenzile LumiPlus &hellip;<br \/><a href=\"https:\/\/aquabluepiscine.ro\/store\/magazin\/piscine\/produse-iluminare\/proiectoar-lumiplus-mini-v3-cromat\/\" class=\"more-link pen_button pen_element_default pen_icon_arrow_double\">Continu\u0103 lectura <span class=\"screen-reader-text\">Proiectoar LumiPLus Mini V3 cromat<\/span><\/a><\/p>\n","protected":false},"featured_media":2506,"comment_status":"open","ping_status":"closed","template":"","meta":[],"product_cat":[15,20],"product_tag":[200,70,813,103,328],"_links":{"self":[{"href":"https:\/\/aquabluepiscine.ro\/store\/wp-json\/wp\/v2\/product\/2505"}],"collection":[{"href":"https:\/\/aquabluepiscine.ro\/store\/wp-json\/wp\/v2\/product"}],"about":[{"href":"https:\/\/aquabluepiscine.ro\/store\/wp-json\/wp\/v2\/types\/product"}],"replies":[{"embeddable":true,"href":"https:\/\/aquabluepiscine.ro\/store\/wp-json\/wp\/v2\/comments?post=2505"}],"wp:featuredmedia":[{"embeddable":true,"href":"https:\/\/aquabluepiscine.ro\/store\/wp-json\/wp\/v2\/media\/2506"}],"wp:attachment":[{"href":"https:\/\/aquabluepiscine.ro\/store\/wp-json\/wp\/v2\/media?parent=2505"}],"wp:term":[{"taxonomy":"product_cat","embeddable":true,"href":"https:\/\/aquabluepiscine.ro\/store\/wp-json\/wp\/v2\/product_cat?post=2505"},{"taxonomy":"product_tag","embeddable":true,"href":"https:\/\/aquabluepiscine.ro\/store\/wp-json\/wp\/v2\/product_tag?post=2505"}],"curies":[{"name":"wp","href":"https:\/\/api.w.org\/{rel}","templated":true}]}}