{"id":633,"date":"2020-04-14T10:14:07","date_gmt":"2020-04-14T10:14:07","guid":{"rendered":"https:\/\/aquabluepiscine.ro\/store\/?post_type=product&#038;p=633"},"modified":"2024-01-08T07:27:15","modified_gmt":"2024-01-08T07:27:15","slug":"filtru-millennium-cu-vana-laterala","status":"publish","type":"product","link":"https:\/\/aquabluepiscine.ro\/store\/magazin\/piscine\/filtre-si-accesorii\/filtru-millennium-cu-vana-laterala\/","title":{"rendered":"Filtru Millennium cu vana laterala"},"content":{"rendered":"<p><strong>Filtru Millennium cu vana laterala<\/strong><\/p>\n<p>Fabricat din material plastic turnat prin suflare \u00eentr-o singur\u0103 bucat\u0103, f\u0103r\u0103 \u00eembin\u0103ri.<br \/>\nAre capac filetat.<br \/>\nPrev\u0103zut cu un manometru manual si supapa de purjare a aerului.<br \/>\nCuloarea filde\u0219ului.<br \/>\nSupap\u0103 multiport inclus\u0103. presiune maxima de lucru Presiune: 2,5 kg \/ cm2 pentru \u00d8 380 mm, \u00d8 430 filtre \u00d8 480 mm mm \u0219i 2 kg \/ cm2 pentru \u00d8 560mm \u0219i Filtre de \u00d8 600 mm.<br \/>\nViteza maxima de filtrare: 50 m3\/h\/m2.<\/p>\n<p>Pretul afisat este pe 1 buc.<br \/>\nPreturile contin TVA.<br \/>\nPoza este cu caracter orientativ.<br \/>\nIn pretul produselor nu este inclus transportul, instalarea sau manipularea ulterioara<\/p>\n","protected":false},"excerpt":{"rendered":"<p>Filtru Millennium cu vana laterala Fabricat din material plastic turnat prin suflare \u00eentr-o singur\u0103 bucat\u0103, f\u0103r\u0103 \u00eembin\u0103ri. Are capac filetat. Prev\u0103zut cu un manometru manual si supapa de purjare a aerului. Culoarea filde\u0219ului. Supap\u0103 multiport inclus\u0103. presiune maxima de lucru Presiune: 2,5 kg \/ cm2 pentru \u00d8 380 mm, \u00d8 430 filtre \u00d8 480 mm &hellip;<br \/><a href=\"https:\/\/aquabluepiscine.ro\/store\/magazin\/piscine\/filtre-si-accesorii\/filtru-millennium-cu-vana-laterala\/\" class=\"more-link pen_button pen_element_default pen_icon_arrow_double\">Continu\u0103 lectura <span class=\"screen-reader-text\">Filtru Millennium cu vana laterala<\/span><\/a><\/p>\n","protected":false},"featured_media":658,"comment_status":"open","ping_status":"closed","template":"","meta":[],"product_cat":[15,19],"product_tag":[200,198,298,85],"_links":{"self":[{"href":"https:\/\/aquabluepiscine.ro\/store\/wp-json\/wp\/v2\/product\/633"}],"collection":[{"href":"https:\/\/aquabluepiscine.ro\/store\/wp-json\/wp\/v2\/product"}],"about":[{"href":"https:\/\/aquabluepiscine.ro\/store\/wp-json\/wp\/v2\/types\/product"}],"replies":[{"embeddable":true,"href":"https:\/\/aquabluepiscine.ro\/store\/wp-json\/wp\/v2\/comments?post=633"}],"wp:featuredmedia":[{"embeddable":true,"href":"https:\/\/aquabluepiscine.ro\/store\/wp-json\/wp\/v2\/media\/658"}],"wp:attachment":[{"href":"https:\/\/aquabluepiscine.ro\/store\/wp-json\/wp\/v2\/media?parent=633"}],"wp:term":[{"taxonomy":"product_cat","embeddable":true,"href":"https:\/\/aquabluepiscine.ro\/store\/wp-json\/wp\/v2\/product_cat?post=633"},{"taxonomy":"product_tag","embeddable":true,"href":"https:\/\/aquabluepiscine.ro\/store\/wp-json\/wp\/v2\/product_tag?post=633"}],"curies":[{"name":"wp","href":"https:\/\/api.w.org\/{rel}","templated":true}]}}