{"id":664,"date":"2020-04-14T10:58:12","date_gmt":"2020-04-14T10:58:12","guid":{"rendered":"https:\/\/aquabluepiscine.ro\/store\/?post_type=product&#038;p=664"},"modified":"2025-09-15T08:55:08","modified_gmt":"2025-09-15T08:55:08","slug":"filtru-millennium-cu-vana-top","status":"publish","type":"product","link":"https:\/\/aquabluepiscine.ro\/store\/magazin\/piscine\/filtre-si-accesorii\/filtru-millennium-cu-vana-top\/","title":{"rendered":"Filtru Millennium cu vana top"},"content":{"rendered":"<p><strong>Filtru Millennium cu vana top<\/strong><\/p>\n<div>Fabricat din material plastic turnat prin suflare \u00eentr-o singur\u0103 bucat\u0103, f\u0103r\u0103 \u00eembin\u0103ri.<br \/>\nAre capac filetat.<br \/>\nPrev\u0103zut cu un manometru manual si supapa de purjare a aerului.<br \/>\nCuloarea filde\u0219ului.<br \/>\nSupap\u0103 multiport inclus\u0103. presiune maxima de lucru Presiune: 2,5 kg \/ cm2 pentru \u00d8 380 mm, \u00d8 430 filtre \u00d8 480 mm mm \u0219i 2 kg \/ cm2 pentru \u00d8 560mm \u0219i Filtre de \u00d8 600 mm.<br \/>\nViteza maxima de filtrare: 50 m3\/h\/m2.Pretul afisat este pe 1 buc.<br \/>\nPreturile contin TVA.<br \/>\nPoza este cu caracter orientativ.<\/div>\n<div>In pretul produselor nu este inclus transportul, instalarea sau manipularea ulterioara<\/div>\n","protected":false},"excerpt":{"rendered":"<p>Filtru Millennium cu vana top Fabricat din material plastic turnat prin suflare \u00eentr-o singur\u0103 bucat\u0103, f\u0103r\u0103 \u00eembin\u0103ri. Are capac filetat. Prev\u0103zut cu un manometru manual si supapa de purjare a aerului. Culoarea filde\u0219ului. Supap\u0103 multiport inclus\u0103. presiune maxima de lucru Presiune: 2,5 kg \/ cm2 pentru \u00d8 380 mm, \u00d8 430 filtre \u00d8 480 mm &hellip;<br \/><a href=\"https:\/\/aquabluepiscine.ro\/store\/magazin\/piscine\/filtre-si-accesorii\/filtru-millennium-cu-vana-top\/\" class=\"more-link pen_button pen_element_default pen_icon_arrow_double\">Continu\u0103 lectura <span class=\"screen-reader-text\">Filtru Millennium cu vana top<\/span><\/a><\/p>\n","protected":false},"featured_media":684,"comment_status":"open","ping_status":"closed","template":"","meta":[],"product_cat":[15,19],"product_tag":[310,298,85],"_links":{"self":[{"href":"https:\/\/aquabluepiscine.ro\/store\/wp-json\/wp\/v2\/product\/664"}],"collection":[{"href":"https:\/\/aquabluepiscine.ro\/store\/wp-json\/wp\/v2\/product"}],"about":[{"href":"https:\/\/aquabluepiscine.ro\/store\/wp-json\/wp\/v2\/types\/product"}],"replies":[{"embeddable":true,"href":"https:\/\/aquabluepiscine.ro\/store\/wp-json\/wp\/v2\/comments?post=664"}],"wp:featuredmedia":[{"embeddable":true,"href":"https:\/\/aquabluepiscine.ro\/store\/wp-json\/wp\/v2\/media\/684"}],"wp:attachment":[{"href":"https:\/\/aquabluepiscine.ro\/store\/wp-json\/wp\/v2\/media?parent=664"}],"wp:term":[{"taxonomy":"product_cat","embeddable":true,"href":"https:\/\/aquabluepiscine.ro\/store\/wp-json\/wp\/v2\/product_cat?post=664"},{"taxonomy":"product_tag","embeddable":true,"href":"https:\/\/aquabluepiscine.ro\/store\/wp-json\/wp\/v2\/product_tag?post=664"}],"curies":[{"name":"wp","href":"https:\/\/api.w.org\/{rel}","templated":true}]}}